ided by 7.
6
Suppose v - u - 1 = 4, 0 = -2*v + 3*u + 12. Suppose 4*q - 11 = v*q. What is the remainder when 21 is divided by q?
10
Suppose -4*x + 7*x + o = 104, -5*x + 168 = -o. Let z = -8 + x. Let s(v) = 15*v**2 - v. Calculate the remainder when z is divided by s(1).
12
What is the remainder when (-1 - -14)/((-5)/(-15)) is divided by 10?
9
Let x(o) = o**3 - 3*o**2 - 2*o - 2. Suppose 2*h - 11 = -5. Suppose 0 = -3*y - h + 15. Calculate the remainder when x(4) is divided by y.
2
Let n(o) = o**3 - 5*o**2 - 5*o + 3. What is the remainder when 33 is divided by n(6)?
6
Let n(k) = -2. Let y(g) = g + 5. Let m(t) = 5*n(t) + 2*y(t). Let a be m(-6). Let j = 25 + a. Calculate the remainder when j is divided by 7.
6
Let x(w) = w**3 - 3*w**2 - w - 3. Let y be x(3). Let q(a) = a**3 + 5*a**2 - 6*a + 4. What is the remainder when q(y) is divided by 3?
1
Suppose -4*h + 30 = -70. Suppose 0*t - 2*t = -4. What is the remainder when h is divided by (15 + -4 + t)*1?
12
Suppose -3*p + 1 + 11 = -3*a, p - 10 = -5*a. Suppose -f = -p*f + 344. What is the remainder when f is divided by 22?
20
Suppose -2*w = -w - 161. Let b = -82 + w. Suppose -6*r - 31 = -j - 11*r, -4*j + b = 5*r. What is the remainder when 61 is divided by j?
13
Suppose -23 = -q + 14. What is the remainder when 72 is divided by q?
35
Let v be -1 - (1 + -5) - -2. Let o = v + 0. Calculate the remainder when o is divided by (-1)/(-4) + (-45)/(-12).
1
Let j = 25 - -4. Let z(d) = 4*d**2 - 2*d. Let n be z(-2). Suppose 4*y + n = -4*f + 72, -3*f = -3*y - 21. Calculate the remainder when j is divided by f.
9
Suppose -z = -6*z + 150. Suppose 6*n - 3*n - z = 0. Calculate the remainder when 19 is divided by n.
9
Let a(p) = p**3 + p**2 - 1. Let z(f) = 5*f**3 - 3*f**2 + 10*f - 10. Let w(b) = 6*a(b) - z(b). What is the remainder when 10 is divided by w(-10)?
2
Let d(t) = t**3 - 7*t**2 + 2. Let i be d(7). Let a be i/(-5) - (-4)/10. Suppose k - 4 - 12 = a. What is the remainder when k is divided by 9?
7
Let z be (-6)/(-21) + (-61)/(-7). Let l = z + 4. Let p(d) = -11*d + 2. Calculate the remainder when p(-2) is divided by l.
11
Let b(l) = -20*l**2 + 1. Let w be b(-1). Let p = 73 + w. What is the remainder when p is divided by 28?
26
Let b(j) = -j**2 + 3*j - 4. Let n be b(3). Let y = 13 + n. What is the remainder when 17 is divided by y?
8
Suppose 0*f + 2*f - 20 = 0. Suppose 3*k - 28 = 59. Calculate the remainder when k is divided by f.
9
Let j = -30 + 49. Calculate the remainder when j is divided by (-10)/((2 - -1)/(-3)).
9
Let n(d) = d + 2. Let j be n(3). Suppose j*o = -5*l, o + 9 = -l - 3*o. What is the remainder when 10 is divided by l?
1
Suppose 2*t + 46 = 4*t. Suppose -4*s - 21 = -5*g + 28, 4*g = -3*s + 33. Calculate the remainder when t is divided by g.
5
Let n be 24/9*21/7. Suppose -2*z + 0*z - n = 0, 0 = -2*j + 4*z + 20. What is the remainder when 9 is divided by j?
1
Let d = 220 - 85. Suppose w + 3*w - 16 = 0. Suppose -w*o = o - d. Calculate the remainder when o is divided by 14.
13
Let x = 13 - 10. Suppose d = f + 4*d - 8, -x*f - 2*d = -59. Calculate the remainder when 68 is divided by f.
22
Let c = 12 - 2. What is the remainder when c is divided by (2/(-4))/(4/(-48))?
4
Let z be (66 + 0)/2 + 0. Let c = z + -9. Calculate the remainder when 141/(-2)*(-8)/12 is divided by c.
23
Suppose c + 0*c - 34 = 0. Let y = 17 + -31. Let r = y + c. Calculate the remainder when r is divided by 11.
9
Let k = -6 + 22. What is the remainder when k is divided by 9?
7
Calculate the remainder when 52/7*-3*28/(-24) is divided by 9.
8
Let x(s) = s**3 + 21*s**2 + 21*s + 45. Calculate the remainder when x(-20) is divided by 10.
5
Let v = -2 + 20. Let z = -12 + 22. Calculate the remainder when v is divided by z.
8
Let r be 7 + 0 - 3 - 1. Suppose -g + r*v = 5, 2*v - 5 = -2*g + 5*v. What is the remainder when 28 is divided by g?
8
Suppose 0 = -u + 5*u + 32. Let j = u - -14. What is the remainder when 21 is divided by j?
3
Suppose 0 = 3*l + 5*k - 7, -k = -1 + 2. Suppose -5*j = -d - 15, 5*d + 2 = l*j - 10. Let c = 1 + d. What is the remainder when 2 is divided by c?
0
Let w(z) = 7*z**2 - 6*z - 7. What is the remainder when w(-4) is divided by 33?
30
Let t = 16 - 6. What is the remainder when 10 is divided by (-1)/(t/6)*-5?
1
Let k = 2 - 1. Let h(v) = 31*v**2 - 3*v + 2. What is the remainder when 118 is divided by h(k)?
28
Let d be (-27)/(-6)*(-2)/(-3). Suppose -5*i + 3*o - 5*o + 33 = 0, -4*i + 32 = -4*o. Suppose d = 5*p - i. What is the remainder when 3 is divided by p?
1
Suppose -5*s = 9 - 24. Suppose -5*z - s*x + 60 = 0, 3*z = 6*z - 2*x - 36. Calculate the remainder when 23 is divided by z.
11
Let a(b) = b**2 - 3*b + 2. Let q be a(1). Calculate the remainder when 4 is divided by (2 + q)/(26/39).
1
Suppose l - 104 = -3*l. Let a(m) = m**2 - m + 3. Let o be a(-4). Suppose 2*s + z = 14, -3*s - 3*z = -2*z - o. What is the remainder when l is divided by s?
8
Suppose 7*s = -47 + 159. Calculate the remainder when 28 is divided by s.
12
Let n = -30 + 63. Let r = n + -19. What is the remainder when (4 - 2)*82/4 is divided by r?
13
Let n(s) = s**2 - 8*s - 1. Calculate the remainder when 14 is divided by n(9).
6
Suppose -t = -28 - 59. Let m(u) = 6*u + 10. Calculate the remainder when t is divided by m(2).
21
Let o(x) = -x**2 - 17*x - 9. Let f be o(-12). Suppose 0 = -5*y + 3*v + f, -3*y - 5*v = 2*y - 75. Calculate the remainder when 46 is divided by y.
10
Suppose 15*n - 21*n + 348 = 0. What is the remainder when n is divided by 15?
13
Let z(v) = -4*v**2 + 1. Let p be z(-1). Calculate the remainder when (-116)/6*p/2 is divided by 13 + (1 - (-1 - 0)).
14
Suppose a + 101 = 5*d - 0*a, 0 = -d - 5*a + 41. What is the remainder when 60 is divided by d?
18
Let r be 3*(1 - 0)*-1. What is the remainder when 49 is divided by 2/6 - 74/r?
24
Let p = -44 - -59. Calculate the remainder when p is divided by (-2)/(-6) + (-33)/(-9).
3
Suppose 3*x - 99 = -a + 7*x, -3*a - 5*x + 297 = 0. What is the remainder when a is divided by 20?
19
Let l be ((-12)/(-10))/((-6)/(-20)). Let y be 28/(-7) + (-76)/(-2). Suppose 4*m - 100 = 4*w, l*m + 5*w - 39 = y. What is the remainder when 65 is divided by m?
21
Suppose 0 = 2*r - 6*r + 8. Let u = -4 + 7. What is the remainder when u is divided by r?
1
Let c(a) = -3*a - 4. Suppose 5*z - 2 = 3*z. Suppose -17 = 4*d - z. What is the remainder when 23 is divided by c(d)?
7
Let i(f) = 58*f**2 - 6*f - 5. Let k(a) = 115*a**2 - 13*a - 11. Let z(n) = 9*i(n) - 4*k(n). What is the remainder when z(-1) is divided by 16?
15
Let u(j) = 3*j**2 - 12*j + 1. Suppose -2 = -c - 1. What is the remainder when c is divided by u(4)?
0
Let t = 13 - 8. Suppose -9 = -t*o + 11. Calculate the remainder when 11 is divided by o.
3
Suppose 5*x - 61 = 14. What is the remainder when x is divided by (-18)/(-2) - (-1)/(-1)?
7
Let k be -3*(-3)/27*21. What is the remainder when 22 is divided by ((-1)/2)/(k/(-168))?
10
What is the remainder when 48 is divided by (-5)/3*(16 + -22)?
8
Calculate the remainder when 49 is divided by (-4 - -3)/(4/(-100)).
24
Let x(z) = -10*z + 6*z + z**2 - 3 + 6. What is the remainder when x(6) is divided by 8?
7
Let r = 6 - 3. Let f be (78/(-4))/(6/(-8)). Let y = -18 + f. Calculate the remainder when y is divided by r.
2
Let y(x) be the second derivative of x**3/2 - 3*x**2/2 - 5*x. Calculate the remainder when y(3) is divided by 4.
2
Suppose -11 = -4*g - 3. Suppose 0 = 5*v + g*z - 18, -z = 3*z - 16. What is the remainder when (1 - (-9)/(-6))*-4 is divided by v?
0
Suppose 14 + 58 = 8*i. What is the remainder when 52 is divided by i?
7
Calculate the remainder when 36 is divided by -2 - (-24)/(2/1).
6
Let r(a) = 2*a**2 - 1. Suppose -12 = -3*z - 3. What is the remainder when 65 is divided by r(z)?
14
Let h = 117 - 74. What is the remainder when h is divided by 15?
13
What is the remainder when 16 is divided by 36/6 + 0 + 1?
2
Let h be 1 - (-3)/((-3)/(-1)). Suppose -h*q + q = 0. Suppose 3*k - 1 - 8 = s, q = 4*s + 5*k - 49. Calculate the remainder when 17 is divided by s.
5
Let i = 18 - 13. Suppose 4*c + 0*c - 82 = 2*o, i*o + 29 = 2*c. Calculate the remainder when c is divided by 6.
4
Let o = 52 + -13. Let c(p) = -p**3 + 3*p**2 + 2*p + 2. Let r be c(4). Let d(k) = k**3 + 8*k**2 + 8*k - 4. What is the remainder when o is divided by d(r)?
19
Let i(t) = -